te the greatest common factor of i and f.
7
Suppose -2*g = -5*x + 976 - 288, 0 = -2*x + 2*g + 274. What is the greatest common factor of 2967 and x?
69
Let g(w) = 33*w**2 - w - 208. Let v be g(0). Let a = v + 504. What is the highest common divisor of a and 16?
8
Suppose 0 = -5*i - 4*b + 28, -2*i - i + 39 = -5*b. Let f(s) = 9*s + 3. Let y be f(i). Suppose -2*v - 3*v = -y. What is the greatest common factor of 10 and v?
5
Suppose -10 = x + 3*n, 7*n - 3*n + 22 = 3*x. Let g(o) = 19*o**2 - 4*o + 3. Let z be g(x). Calculate the highest common divisor of 781 and z.
71
Let u(o) = o**3 + o**2 + 13*o - 47. Let r be u(10). Let d = r + -702. Calculate the greatest common factor of 13 and d.
13
Let u be 6/2 + (-1 + 223 - 3). Let l = 270 - u. Let a be (2 - 242)*(-4 + 3). Calculate the greatest common divisor of a and l.
48
Let m be (-2 - (-14 - 3))*(50/15 - 2). Calculate the greatest common factor of 3610 and m.
10
Let k be (-3)/(-6) - (-951)/2. Suppose -28*a = -1279 + 495. Calculate the highest common factor of k and a.
28
Suppose -w + 4*v + 52 = 239, 0 = w + 4*v + 155. Let z = w - -274. Suppose 0 = 6*g - 401 - z. What is the highest common divisor of g and 28?
28
Let a(d) = 9*d**2 + 217*d - 4901. Let j be a(26). What is the greatest common factor of j and 84?
21
Suppose -2*r - 5*w + 442 = 0, 4*w + 430 + 210 = 3*r. Suppose -39*t + 481 + 572 = 0. Calculate the greatest common divisor of t and r.
27
Suppose -5*j + 143 = 3*s, j + 10*s = 13*s + 25. Let y = 232 + j. Calculate the greatest common factor of 60 and y.
20
Suppose 0 = 10*p - 126*p + 49764. What is the greatest common factor of p and 39?
39
Let b(k) = -2*k - 4. Let q be b(-5). Let z be (-1 + -3)*(-890)/356 + 758. Calculate the highest common factor of q and z.
6
Let d be (-74704)/(-49) + (-12)/(-28). Let v be d/50 - 1/2. What is the greatest common divisor of 150 and v?
30
Let h be 1 - (-1)/((-9)/(-504)). Let y(r) = r**2 - 49*r + 139. Let q be y(h). What is the highest common divisor of 35 and q?
35
Let q(f) = 7*f**3 + 2*f**2 + 8*f - 10. Let g be q(3). What is the greatest common factor of 34 and g?
17
Let p be 14/(-42)*(358 + 5)*-1. Let w(d) = -d**3 + 6*d**2 - d + 4. Let i be w(6). Let v be (-20)/i - (0 + -1). Calculate the greatest common divisor of p and v.
11
Suppose 3*c + 4*k = 10575, 840 = 3*c - 4*k - 9735. Calculate the greatest common factor of c and 75.
75
Let y(n) = -7*n**2 - 94*n - 36. Let i be y(-13). Calculate the greatest common factor of i and 24.
3
Suppose 4*d - 153 = -3*z, -4*z + 127*d = 124*d - 154. What is the greatest common divisor of z and 7697?
43
Suppose -79*o + 3*t + 5133 = -77*o, -2*t = -10. Calculate the highest common factor of 495 and o.
99
Let k be ((-330512)/(-98) - 13) + 4*(-3)/(-28). Calculate the greatest common factor of 735 and k.
105
Let h(p) = p**3 + 23*p**2 - 5*p - 115. Let u be h(-19). Suppose 0 = -4*y - 4*r + 8*r + u, 2*y = -2*r + 716. What is the highest common divisor of y and 21?
21
Let x = 1949 - 1937. What is the highest common divisor of 2092 and x?
4
Let z(h) = 4 + 17*h - 8*h - 5*h - 6*h. Let s be z(-9). What is the greatest common factor of s and 418?
22
Let i be (4 - 0)*1*(-15)/12. Let a be (i - -7) + 76/2. Let d be (11 - 8)*(-10)/(-3). Calculate the greatest common factor of a and d.
10
Let l(d) = -d**3 + 11*d**2 + 63*d - 475. Let o be l(13). Calculate the greatest common divisor of 13998 and o.
6
Let i = -31 - -33. Suppose -4*s + 3*b = i, 0*s - b + 1 = -s. What is the greatest common factor of 1 and s?
1
Let p(a) = -a**3 + a**2 + a. Let y be p(-2). Let n = y - 7. Suppose n*j = 172 + 125. What is the greatest common factor of j and 11?
11
Suppose -2*n = -2, -8*g = -3*g + n - 801. Calculate the greatest common divisor of 5780 and g.
20
Suppose -4*c = 5*u - 22, 5 + 5 = 5*u. Suppose -4*m - c*p + 843 = 0, -2*m + p + 214 + 215 = 0. Calculate the highest common factor of m and 3.
3
Let w be (1/(1/2))/((-1)/(-13)). What is the greatest common divisor of 1066 and w?
26
Suppose -4*i + 2*m = -56528 + 17614, 4*m - 9742 = -i. Calculate the highest common factor of 14 and i.
14
Suppose -70*y = 132*y - 1818. Suppose 42 = 3*n - 90. Let b = n - 26. What is the highest common divisor of y and b?
9
Let w = 53 - 29. Suppose -9*a + 4*a + 113 = -j, 3*a - 60 = -2*j. Let g = w - a. Calculate the greatest common divisor of 22 and g.
2
Let x = 6 - 10. Let h be ((-70)/4)/(x/80). Let k = 47702 - 47652. What is the highest common divisor of h and k?
50
Suppose 5*u + 3*t - 76 = 0, -5*u + t + 84 = -4. Calculate the greatest common divisor of 1377 and u.
17
Suppose 4*x = -52 - 52. Let d = 32 + x. Suppose -d*r = -23 - 157. What is the greatest common divisor of 15 and r?
15
Let p(g) = 2*g**3 - g**2 + 8*g - 3. Let a be p(2). Suppose a*m - 563 - 1187 = 0. Calculate the greatest common divisor of 560 and m.
70
Suppose -8*n - 15 = -3*n, 4*r - n - 19 = 0. Suppose r*u + 64 = 104. Calculate the greatest common divisor of 25 and u.
5
Let y = -554 + 564. Let j(f) = 13*f - 3. Let k be j(-3). Let o be 2/(-12) + (-427)/k. Calculate the greatest common divisor of y and o.
10
Suppose 0 = k - 5*x - 562 - 4214, -2*k = -2*x - 9616. What is the highest common divisor of 48 and k?
16
Suppose -1478 + 4158 = 253*g - 4657. Let q = 55 + -26. Calculate the greatest common factor of g and q.
29
Let t = 44 - 127. Let v = t - -77. Let d be (-4)/(-14)*(1 - v). What is the greatest common factor of 22 and d?
2
Let l = 59 + -57. Let b be 8/(-3)*(l + -14). Let m be 18/81 - (-3)/(54/b). What is the greatest common divisor of m and 2?
2
Suppose 24*q - 18312 = -4*q. Suppose i - 4*u = -4*i + q, i - 2*u = 132. Calculate the highest common factor of i and 117.
13
Let t(u) = 57*u**3 + u**2 + 3*u - 19. Let x be t(2). What is the highest common factor of x and 9?
3
Suppose 123375 = 4*s + 20*g - 17*g, -4*s - 2*g + 123370 = 0. What is the greatest common divisor of s and 120?
120
Suppose 3*y + 2*y = 0. Let v(c) be the first derivative of c**3/3 + c**2/2 + 3*c + 84. Let m be v(y). Calculate the highest common factor of m and 12.
3
Let j(m) = m + 6. Let f(s) = -s - 11. Let q(d) = 6*f(d) + 11*j(d). Let y be q(6). Let i = -509 - -779. What is the greatest common factor of i and y?
30
Let z be -2*3/6 + 55. Let g = -8 + 84. Suppose g = 13*w - 41. Calculate the greatest common divisor of w and z.
9
Suppose 7698 - 2058 = 31*p - 8744. Calculate the highest common divisor of 406 and p.
58
Suppose 5*p - c - 2*c = 1117, 5*c = 5. Let l(h) = 23*h + 200. Let w be l(-8). What is the greatest common factor of p and w?
16
Let z = -29 + 29. Suppose 2*s - 3*o - 20 = z, 5*s - 50 = s + o. Let i = 64 - -40. What is the greatest common divisor of i and s?
13
Let a = -3513 + 4095. What is the greatest common divisor of a and 776?
194
Suppose -2*o + 2*w - 11441 = -9*o, -3246 = -2*o + 4*w. What is the greatest common divisor of o and 923?
71
Suppose -p = -5*g - 86, 0 = -3*g + g + p - 35. Let c be (0 + g)/(-2 + 1). What is the highest common factor of c and 221?
17
Let z = -14 + 15. Let n = 5488 - 5469. Calculate the highest common divisor of n and z.
1
Let d be (13 + (-4 - 17))/(48/26 - 2). Calculate the highest common factor of d and 377.
13
Let w(i) = i**3 + 6*i**2 - 15*i + 9. Let y be w(-8). Let g = 1968 + -1861. What is the greatest common divisor of g and y?
1
Suppose -14174*m + 14187*m = 1014. Calculate the greatest common factor of 6162 and m.
78
Suppose w = -2*w + 3*l + 3, 2*w + 5*l = 23. Suppose -2*p = -5*v - 120, -w*p + 102 = -v - 120. What is the greatest common divisor of 5 and p?
5
Suppose 30*k - 25376 = 26*k + 9576. Calculate the greatest common factor of 34 and k.
34
Let a = -3464 - -6714. What is the highest common factor of a and 130?
130
Let d(g) = -2*g**2 - 27*g + 412. Let y be d(9). What is the highest common factor of y and 343?
7
Let q = -3662 + 3694. What is the highest common factor of q and 74?
2
Suppose -12 = 2*f - 4*m, 4*f + m - 5*m = -8. Suppose 7 + 1 = -f*q. Let v be (((-32)/(-14))/4)/(q/(-14)). What is the greatest common factor of 24 and v?
2
Suppose -2*w - 17 + 74 = 3*c, -3*w + 98 = 2*c. Let l = 44 - w. Suppose l = 93*r - 89*r. Calculate the greatest common divisor of 3 and r.
1
Suppose d - 73 = -55. Let b(r) = d - 50*r**2 + 1 + 79*r**2 + 27*r + r**3. Let m be b(-28). What is the greatest common factor of m and 